{"id":25,"date":"2010-05-19T17:55:52","date_gmt":"2010-05-19T22:55:52","guid":{"rendered":"http:\/\/www.galapagosislands.com\/blog\/?page_id=25"},"modified":"2020-10-16T17:03:25","modified_gmt":"2020-10-16T17:03:25","slug":"galapagos-general-information","status":"publish","type":"page","link":"https:\/\/www.galapagosislands.com\/blog\/galapagos-general-information\/","title":{"rendered":"General Information"},"content":{"rendered":"<p>Famous for its rich biodiversity and place of\u00a0<a href=\"https:\/\/www.galapagosislands.com\/blog\/darwin-and-origin-of-species\/\"><b>Charles Darwin&#8217;s research on the theory of evolution<\/b><\/a>, the Galapagos Islands are situated approximately 1,000 km (or a little over 600 mi.) from the\u00a0<a href=\"https:\/\/www.galapagosislands.com\/ecuador\/\"><b>Ecuadorian mainland<\/b><\/a>.<\/p>\n<p>The volcanic archipelago consists of 13 main islands of which only five are inhabited. These islands are home to a unique diversity of plant, animal, and marine life that regularly attract tourists and nature lovers alike, including sea lions, land and marine iguanas, giant tortoises and of course, Lonesome George, the only known living tortoise of his species.<\/p>\n<p>\t\t\t\t\t\t\t\t\t\t<img decoding=\"async\" width=\"525\" height=\"403\" src=\"https:\/\/www.galapagosislands.com\/blog\/wp-content\/uploads\/2020\/10\/galapagos-map-800.jpg\" alt=\"\" loading=\"lazy\" \/>\t\t\t\t\t\t\t\t\t\t\t<\/p>\n<h2>General Information<\/h2>\n<p><em style=\"font-size: 1rem;\"><b>Official Name<\/b><\/em><b>:<\/b> Archipi\u00e9lago de Col\u00f3n<\/p>\n<p><b><em>Political Ecuadorian Name<\/em>:<\/b> Provincia de Gal\u00e1pagos<\/p>\n<p><b><em>Capital<\/em>:<\/b> Puerto Baquerizo Moreno<\/p>\n<p><b><em>Population<\/em>:<\/b> 40,000<\/p>\n<p><b><em>Demonym<\/em>:<\/b> Galapage\u00f1o\/a<\/p>\n<p><b><em>Official Language<\/em>:<\/b> Spanish<\/p>\n<p><em><b>Official Currency:<\/b>\u00a0<\/em>Dollar (USD $)<\/p>\n<p><b><em>Total Land Area<\/em>:<\/b> 4897 sq. milen \/ 7880 sq. km<\/p>\n<p><b><em>Total Geographical Area\u00a0<\/em>(Stretching from Charles Darwin Island to Espanola and San Cristobal):<\/b> 28,000 sq. miles (45,000 sq. km)<\/p>\n<p><b><em>Highest Point<\/em>:<\/b> Volcano \u201cVolcan Wolf\u201d on Isabela Island at 1707m \/ 5600 ft.<\/p>\n<p><b><em>Major Islands<\/em>:<\/b> Baltra (airport) , Espa\u00f1ola, Fernandina, Floreana, Genovesa, Isabela (airport), Marchena, Pinta, Pinz\u00f3n, San Crist\u00f3bal (airport), Santa Cruz, Santiago, Santa Fe<\/p>\n<p>\t\t\t\t\t\t\t\t\t\t<img decoding=\"async\" width=\"525\" height=\"328\" src=\"https:\/\/www.galapagosislands.com\/blog\/wp-content\/uploads\/2011\/11\/voyage-beagle-charles-darwin-origin-of-the-species-adventure-galapagos-evolution-ecuador-vacations-travel.jpg\" alt=\"\" loading=\"lazy\" \/>\t\t\t\t\t\t\t\t\t\t\t<\/p>\n<h2>Interesting Facts<\/h2>\n<ul>\n<li>Galapagos&#8221; is what Bishop Tomas of Panama named the giant tortoises upon an accidental encounter of the islands and its animals in 1535.<\/li>\n<li>\n<p>The Galapagos is a\u00a0<a href=\"https:\/\/www.galapagosislands.com\/blog\/galapagos_national_park_world_heritage_site\/\"><b>UNESCO World Heritage Site<\/b><\/a><\/p>\n<\/li>\n<li>\n<p>97% of the islands are protected by the Galapagos National Park. Only 3% is inhabited by humans.<\/p>\n<\/li>\n<\/ul>\n<p>\t\t\t\t\t\t\t\t\t\t<img decoding=\"async\" width=\"525\" height=\"328\" src=\"https:\/\/www.galapagosislands.com\/blog\/wp-content\/uploads\/2018\/06\/geology-galapagos-islands-ecuador-travel-tour-history.jpg\" alt=\"geology galapagos islands ecuador travel tour history\" loading=\"lazy\" \/>\t\t\t\t\t\t\t\t\t\t\t<\/p>\n<h2>Geology<\/h2>\n<p><strong>Geology:<\/strong><\/p>\n<p>Formed between 3 million and 5 million years ago, the Galapagos Islands are relatively young.<\/p>\n<p>The islands are situated over a hot mantle, burning through the earth&#8217;s crust and generating volcanic activity. Eruptions pile on previous eruptions eventually surfacing the ocean.<\/p>\n<p>In general, each island is created by one individual large volcano whose eruptions cause basaltic lava to flow expanding its shores. The island of Isabela, however, is the result of six different volcanoes that flowed into each other.<\/p>\n<p>In the past 200 years, the islands have experienced some 50 eruptions.<\/p>\n<p>\t\t\t\t\t\t\t\t\t\t<img decoding=\"async\" width=\"525\" height=\"328\" src=\"https:\/\/www.galapagosislands.com\/blog\/wp-content\/uploads\/2018\/08\/history-of-galapagos-travel-adventure-discovery-evolution-ecuador-cruises-charles-darwin-1.jpg\" alt=\"history of galapagos travel adventure discovery evolution ecuador cruises charles darwin\" loading=\"lazy\" \/>\t\t\t\t\t\t\t\t\t\t\t<\/p>\n<h2>Natural History<\/h2>\n<p>The Galapagos Islands possess an interesting history regarding human inhabitants. In 1535 Tomas de Berlanga, the Bishop of Panama, discovered the islands by chance on his way to Peru when currents pushed his ship off course. Although he did not name the islands, he coined the name &#8220;Galapagos&#8221; after the giant tortoises. English buccaneers later visited many of the islands. These pirates began to name individual islands after famous captains as well as English kings and aristocracy. For this reason the islands often have two names, an English name and a Spanish name. In the late eighteenth and early nineteenth century, British and American whaling ships frequented the waters around the islands. Around this time a British captain created a means of communication by placing a barrel that would serve as a\u00a0<a style=\"background-color: #ffffff; font-size: 1rem;\" href=\"https:\/\/www.galapagosislands.com\/blog\/post-office-bay\/\"><b>Post Office on Floreana Island<\/b><\/a>. This Post Office still exists today and is an attraction for many tourists.<\/p>\n<p>The first inhabitant of the Galapagos Islands was Patrick Watkins. He grew vegetables on Floreana Island to exchange for rum with approaching ships. However, he later left the island with a group of sailors who were never seen again, while Watkins arrived and settled in Guayaquil. In 1832 General Jose Villamil from Ecuador founded a colony, and in the same year Colonel Ignacio Hernandez took over the islands and they were given Spanish names.\u00a0 Later, Norwegian fisherman and German philosophers were attracted to the island, most of whom were accompanied by strange fates. For further reading on these mysterious stories, please see our\u00a0<em>Galapagos Book Section<\/em>. (The Curse of the Tortoise\u00a0by Octavio Latorre and\u00a0My Father&#8217;s Island\u00a0by Johanna Angermeyer)<\/p>\n<p><a id=\"history\" name=\"history\"><\/a>In 1835, Charles Darwin arrived to the Galapagos Islands on the Beagle where he spent a near six weeks. These six weeks however proved to be enough for Darwin to explore and observe the animals on the islands. The isolation of the islands allowed species to evolve and adapt to their surroundings. Darwin even noted particular adaptations to conditions of individual islands. He also observed how tame the animals were due to lack of predators. Today one can still observe this rare behavior: animals on the islands live in harmony and do not seem disturbed by human presence. Darwin&#8217;s observations provided the foundation for his theory of evolution.\u00a0<\/p>\n<p>Today, the Galapagos has a fast-growing population and is now home to over 40,000 people. Although human settlement is restricted to only 3% of the islands (97% of the archipelago is protected by the National Park), the effect that this growing population along with the 180,000 tourists that visit the islands has on the islands is becoming perilous. Several organizations have now made it their mission to pursue Galapagos conservation projects.\u00a0<\/p>\n<p>\t\t\t<iframe loading=\"lazy\" src=\"https:\/\/www.galapagosislands.com\/php\/more-info\/mobile\/wmi-blog-footers.html\" height=\"500\" width=\"100%\" frameborder=\"0\"><\/iframe><\/p>\n","protected":false},"excerpt":{"rendered":"<p>Famous for its rich biodiversity and place of\u00a0Charles Darwin&#8217;s research on the theory of evolution, the Galapagos Islands are situated approximately 1,000 km (or a little over 600 mi.) from the\u00a0Ecuadorian mainland. The volcanic archipelago consists of 13 main islands of which only five are inhabited. These islands are home to a unique diversity of [&hellip;]<\/p>\n","protected":false},"author":1,"featured_media":0,"parent":0,"menu_order":1,"comment_status":"closed","ping_status":"closed","template":"","meta":{"footnotes":""},"class_list":["post-25","page","type-page","status-publish","hentry"],"yoast_head":"<!-- This site is optimized with the Yoast SEO plugin v27.1.1 - https:\/\/yoast.com\/product\/yoast-seo-wordpress\/ -->\n<title>General Information - Galapagos Travel Center<\/title>\n<meta name=\"robots\" content=\"index, follow, max-snippet:-1, max-image-preview:large, max-video-preview:-1\" \/>\n<link rel=\"canonical\" href=\"https:\/\/www.galapagosislands.com\/blog\/galapagos-general-information\/\" \/>\n<meta property=\"og:locale\" content=\"en_US\" \/>\n<meta property=\"og:type\" content=\"article\" \/>\n<meta property=\"og:title\" content=\"General Information - Galapagos Travel Center\" \/>\n<meta property=\"og:description\" content=\"Famous for its rich biodiversity and place of\u00a0Charles Darwin&#8217;s research on the theory of evolution, the Galapagos Islands are situated approximately 1,000 km (or a little over 600 mi.) from the\u00a0Ecuadorian mainland. The volcanic archipelago consists of 13 main islands of which only five are inhabited. These islands are home to a unique diversity of [&hellip;]\" \/>\n<meta property=\"og:url\" content=\"https:\/\/www.galapagosislands.com\/blog\/galapagos-general-information\/\" \/>\n<meta property=\"og:site_name\" content=\"Galapagos Travel Center\" \/>\n<meta property=\"article:publisher\" content=\"https:\/\/www.facebook.com\/galapagostravelcenter\/\" \/>\n<meta property=\"article:modified_time\" content=\"2020-10-16T17:03:25+00:00\" \/>\n<meta property=\"og:image\" content=\"https:\/\/www.galapagosislands.com\/blog\/wp-content\/uploads\/2020\/10\/galapagos-map-800.jpg\" \/>\n<meta name=\"twitter:card\" content=\"summary_large_image\" \/>\n<meta name=\"twitter:label1\" content=\"Est. reading time\" \/>\n\t<meta name=\"twitter:data1\" content=\"4 minutes\" \/>\n<script type=\"application\/ld+json\" class=\"yoast-schema-graph\">{\"@context\":\"https:\/\/schema.org\",\"@graph\":[{\"@type\":\"WebPage\",\"@id\":\"https:\/\/www.galapagosislands.com\/blog\/galapagos-general-information\/\",\"url\":\"https:\/\/www.galapagosislands.com\/blog\/galapagos-general-information\/\",\"name\":\"General Information - Galapagos Travel Center\",\"isPartOf\":{\"@id\":\"https:\/\/www.galapagosislands.com\/blog\/#website\"},\"primaryImageOfPage\":{\"@id\":\"https:\/\/www.galapagosislands.com\/blog\/galapagos-general-information\/#primaryimage\"},\"image\":{\"@id\":\"https:\/\/www.galapagosislands.com\/blog\/galapagos-general-information\/#primaryimage\"},\"thumbnailUrl\":\"https:\/\/www.galapagosislands.com\/blog\/wp-content\/uploads\/2020\/10\/galapagos-map-800.jpg\",\"datePublished\":\"2010-05-19T22:55:52+00:00\",\"dateModified\":\"2020-10-16T17:03:25+00:00\",\"breadcrumb\":{\"@id\":\"https:\/\/www.galapagosislands.com\/blog\/galapagos-general-information\/#breadcrumb\"},\"inLanguage\":\"en-US\",\"potentialAction\":[{\"@type\":\"ReadAction\",\"target\":[\"https:\/\/www.galapagosislands.com\/blog\/galapagos-general-information\/\"]}]},{\"@type\":\"ImageObject\",\"inLanguage\":\"en-US\",\"@id\":\"https:\/\/www.galapagosislands.com\/blog\/galapagos-general-information\/#primaryimage\",\"url\":\"https:\/\/www.galapagosislands.com\/blog\/wp-content\/uploads\/2020\/10\/galapagos-map-800.jpg\",\"contentUrl\":\"https:\/\/www.galapagosislands.com\/blog\/wp-content\/uploads\/2020\/10\/galapagos-map-800.jpg\",\"width\":800,\"height\":614,\"caption\":\"Galapagos Map\"},{\"@type\":\"BreadcrumbList\",\"@id\":\"https:\/\/www.galapagosislands.com\/blog\/galapagos-general-information\/#breadcrumb\",\"itemListElement\":[{\"@type\":\"ListItem\",\"position\":1,\"name\":\"Home\",\"item\":\"https:\/\/www.galapagosislands.com\/blog\/\"},{\"@type\":\"ListItem\",\"position\":2,\"name\":\"General Information\"}]},{\"@type\":\"WebSite\",\"@id\":\"https:\/\/www.galapagosislands.com\/blog\/#website\",\"url\":\"https:\/\/www.galapagosislands.com\/blog\/\",\"name\":\"GalapagosIslands.com\",\"description\":\"By Galapagos Travel Center\",\"publisher\":{\"@id\":\"https:\/\/www.galapagosislands.com\/blog\/#organization\"},\"potentialAction\":[{\"@type\":\"SearchAction\",\"target\":{\"@type\":\"EntryPoint\",\"urlTemplate\":\"https:\/\/www.galapagosislands.com\/blog\/?s={search_term_string}\"},\"query-input\":{\"@type\":\"PropertyValueSpecification\",\"valueRequired\":true,\"valueName\":\"search_term_string\"}}],\"inLanguage\":\"en-US\"},{\"@type\":\"Organization\",\"@id\":\"https:\/\/www.galapagosislands.com\/blog\/#organization\",\"name\":\"Galapagos Travel Center\",\"url\":\"https:\/\/www.galapagosislands.com\/blog\/\",\"logo\":{\"@type\":\"ImageObject\",\"inLanguage\":\"en-US\",\"@id\":\"https:\/\/www.galapagosislands.com\/blog\/#\/schema\/logo\/image\/\",\"url\":\"https:\/\/www.galapagosislands.com\/blog\/wp-content\/uploads\/2024\/09\/galapagos-travel-center.png\",\"contentUrl\":\"https:\/\/www.galapagosislands.com\/blog\/wp-content\/uploads\/2024\/09\/galapagos-travel-center.png\",\"width\":367,\"height\":117,\"caption\":\"Galapagos Travel Center\"},\"image\":{\"@id\":\"https:\/\/www.galapagosislands.com\/blog\/#\/schema\/logo\/image\/\"},\"sameAs\":[\"https:\/\/www.facebook.com\/galapagostravelcenter\/\"]}]}<\/script>\n<!-- \/ Yoast SEO plugin. -->","yoast_head_json":{"title":"General Information - Galapagos Travel Center","robots":{"index":"index","follow":"follow","max-snippet":"max-snippet:-1","max-image-preview":"max-image-preview:large","max-video-preview":"max-video-preview:-1"},"canonical":"https:\/\/www.galapagosislands.com\/blog\/galapagos-general-information\/","og_locale":"en_US","og_type":"article","og_title":"General Information - Galapagos Travel Center","og_description":"Famous for its rich biodiversity and place of\u00a0Charles Darwin&#8217;s research on the theory of evolution, the Galapagos Islands are situated approximately 1,000 km (or a little over 600 mi.) from the\u00a0Ecuadorian mainland. The volcanic archipelago consists of 13 main islands of which only five are inhabited. These islands are home to a unique diversity of [&hellip;]","og_url":"https:\/\/www.galapagosislands.com\/blog\/galapagos-general-information\/","og_site_name":"Galapagos Travel Center","article_publisher":"https:\/\/www.facebook.com\/galapagostravelcenter\/","article_modified_time":"2020-10-16T17:03:25+00:00","og_image":[{"url":"https:\/\/www.galapagosislands.com\/blog\/wp-content\/uploads\/2020\/10\/galapagos-map-800.jpg","type":"","width":"","height":""}],"twitter_card":"summary_large_image","twitter_misc":{"Est. reading time":"4 minutes"},"schema":{"@context":"https:\/\/schema.org","@graph":[{"@type":"WebPage","@id":"https:\/\/www.galapagosislands.com\/blog\/galapagos-general-information\/","url":"https:\/\/www.galapagosislands.com\/blog\/galapagos-general-information\/","name":"General Information - Galapagos Travel Center","isPartOf":{"@id":"https:\/\/www.galapagosislands.com\/blog\/#website"},"primaryImageOfPage":{"@id":"https:\/\/www.galapagosislands.com\/blog\/galapagos-general-information\/#primaryimage"},"image":{"@id":"https:\/\/www.galapagosislands.com\/blog\/galapagos-general-information\/#primaryimage"},"thumbnailUrl":"https:\/\/www.galapagosislands.com\/blog\/wp-content\/uploads\/2020\/10\/galapagos-map-800.jpg","datePublished":"2010-05-19T22:55:52+00:00","dateModified":"2020-10-16T17:03:25+00:00","breadcrumb":{"@id":"https:\/\/www.galapagosislands.com\/blog\/galapagos-general-information\/#breadcrumb"},"inLanguage":"en-US","potentialAction":[{"@type":"ReadAction","target":["https:\/\/www.galapagosislands.com\/blog\/galapagos-general-information\/"]}]},{"@type":"ImageObject","inLanguage":"en-US","@id":"https:\/\/www.galapagosislands.com\/blog\/galapagos-general-information\/#primaryimage","url":"https:\/\/www.galapagosislands.com\/blog\/wp-content\/uploads\/2020\/10\/galapagos-map-800.jpg","contentUrl":"https:\/\/www.galapagosislands.com\/blog\/wp-content\/uploads\/2020\/10\/galapagos-map-800.jpg","width":800,"height":614,"caption":"Galapagos Map"},{"@type":"BreadcrumbList","@id":"https:\/\/www.galapagosislands.com\/blog\/galapagos-general-information\/#breadcrumb","itemListElement":[{"@type":"ListItem","position":1,"name":"Home","item":"https:\/\/www.galapagosislands.com\/blog\/"},{"@type":"ListItem","position":2,"name":"General Information"}]},{"@type":"WebSite","@id":"https:\/\/www.galapagosislands.com\/blog\/#website","url":"https:\/\/www.galapagosislands.com\/blog\/","name":"GalapagosIslands.com","description":"By Galapagos Travel Center","publisher":{"@id":"https:\/\/www.galapagosislands.com\/blog\/#organization"},"potentialAction":[{"@type":"SearchAction","target":{"@type":"EntryPoint","urlTemplate":"https:\/\/www.galapagosislands.com\/blog\/?s={search_term_string}"},"query-input":{"@type":"PropertyValueSpecification","valueRequired":true,"valueName":"search_term_string"}}],"inLanguage":"en-US"},{"@type":"Organization","@id":"https:\/\/www.galapagosislands.com\/blog\/#organization","name":"Galapagos Travel Center","url":"https:\/\/www.galapagosislands.com\/blog\/","logo":{"@type":"ImageObject","inLanguage":"en-US","@id":"https:\/\/www.galapagosislands.com\/blog\/#\/schema\/logo\/image\/","url":"https:\/\/www.galapagosislands.com\/blog\/wp-content\/uploads\/2024\/09\/galapagos-travel-center.png","contentUrl":"https:\/\/www.galapagosislands.com\/blog\/wp-content\/uploads\/2024\/09\/galapagos-travel-center.png","width":367,"height":117,"caption":"Galapagos Travel Center"},"image":{"@id":"https:\/\/www.galapagosislands.com\/blog\/#\/schema\/logo\/image\/"},"sameAs":["https:\/\/www.facebook.com\/galapagostravelcenter\/"]}]}},"_links":{"self":[{"href":"https:\/\/www.galapagosislands.com\/blog\/wp-json\/wp\/v2\/pages\/25","targetHints":{"allow":["GET"]}}],"collection":[{"href":"https:\/\/www.galapagosislands.com\/blog\/wp-json\/wp\/v2\/pages"}],"about":[{"href":"https:\/\/www.galapagosislands.com\/blog\/wp-json\/wp\/v2\/types\/page"}],"author":[{"embeddable":true,"href":"https:\/\/www.galapagosislands.com\/blog\/wp-json\/wp\/v2\/users\/1"}],"replies":[{"embeddable":true,"href":"https:\/\/www.galapagosislands.com\/blog\/wp-json\/wp\/v2\/comments?post=25"}],"version-history":[{"count":12,"href":"https:\/\/www.galapagosislands.com\/blog\/wp-json\/wp\/v2\/pages\/25\/revisions"}],"predecessor-version":[{"id":13190,"href":"https:\/\/www.galapagosislands.com\/blog\/wp-json\/wp\/v2\/pages\/25\/revisions\/13190"}],"wp:attachment":[{"href":"https:\/\/www.galapagosislands.com\/blog\/wp-json\/wp\/v2\/media?parent=25"}],"curies":[{"name":"wp","href":"https:\/\/api.w.org\/{rel}","templated":true}]}}